1016?
1
What is the ten thousands digit of 677520?
7
What is the units digit of 9323865?
5
What is the units digit of 5947726?
6
What is the thousands digit of 17055?
7
What is the ten thousands digit of 296727?
9
What is the hundreds digit of 290925?
9
What is the tens digit of 345788?
8
What is the units digit of 1047612?
2
What is the units digit of 1019060?
0
What is the units digit of 13667753?
3
What is the tens digit of 4579?
7
What is the hundreds digit of 3155305?
3
What is the thousands digit of 216832?
6
What is the hundreds digit of 288312?
3
What is the hundreds digit of 9479973?
9
What is the units digit of 550242?
2
What is the hundreds digit of 959540?
5
What is the ten thousands digit of 3881998?
8
What is the hundred thousands digit of 607387?
6
What is the ten thousands digit of 1071400?
7
What is the hundreds digit of 3984918?
9
What is the thousands digit of 32610?
2
What is the hundred thousands digit of 14367131?
3
What is the ten thousands digit of 2250310?
5
What is the hundreds digit of 2531931?
9
What is the tens digit of 43456?
5
What is the millions digit of 11175369?
1
What is the hundred thousands digit of 739251?
7
What is the ten thousands digit of 3967940?
6
What is the ten thousands digit of 2166496?
6
What is the hundreds digit of 525426?
4
What is the hundred thousands digit of 863351?
8
What is the thousands digit of 444790?
4
What is the units digit of 5218343?
3
What is the hundreds digit of 242767?
7
What is the millions digit of 2380917?
2
What is the units digit of 72760?
0
What is the hundred thousands digit of 359982?
3
What is the tens digit of 32668?
6
What is the units digit of 11275523?
3
What is the tens digit of 2093981?
8
What is the thousands digit of 193992?
3
What is the hundreds digit of 1513072?
0
What is the hundreds digit of 5301308?
3
What is the hundred thousands digit of 470781?
4
What is the hundreds digit of 222788?
7
What is the hundreds digit of 889216?
2
What is the ten thousands digit of 270249?
7
What is the units digit of 306212?
2
What is the hundreds digit of 9023956?
9
What is the tens digit of 6116600?
0
What is the tens digit of 2593384?
8
What is the millions digit of 7480376?
7
What is the hundred thousands digit of 21647826?
6
What is the tens digit of 1213526?
2
What is the thousands digit of 7542334?
2
What is the ten millions digit of 10948999?
1
What is the ten thousands digit of 148072?
4
What is the tens digit of 2787?
8
What is the hundred thousands digit of 28907322?
9
What is the millions digit of 21884569?
1
What is the ten thousands digit of 21856624?
5
What is the units digit of 2112279?
9
What is the thousands digit of 25067798?
7
What is the millions digit of 2969201?
2
What is the thousands digit of 140965?
0
What is the ten thousands digit of 65320?
6
What is the thousands digit of 906107?
6
What is the ten thousands digit of 81565?
8
What is the units digit of 21548?
8
What is the hundred thousands digit of 8427872?
4
What is the hundreds digit of 24918?
9
What is the tens digit of 2075651?
5
What is the tens digit of 116463?
6
What is the tens digit of 252720?
2
What is the hundred thousands digit of 7222162?
2
What is the hundreds digit of 11500876?
8
What is the millions digit of 1787161?
1
What is the hundreds digit of 1639114?
1
What is the hundred thousands digit of 2751272?
7
What is the ten thousands digit of 129088?
2
What is the hundreds digit of 36344?
3
What is the units digit of 86894?
4
What is the thousands digit of 401231?
1
What is the hundred thousands digit of 8941304?
9
What is the units digit of 496965?
5
What is the millions digit of 1491201?
1
What is the thousands digit of 20139657?
9
What is the ten thousands digit of 514383?
1
What is the hundred thousands digit of 24113001?
1
What is the ten thousands digit of 254952?
5
What is the units digit of 674562?
2
What is the units digit of 18413273?
3
What is the tens digit of 34434945?
4
What is the units digit of 122190?
0
What is the ten thousands digit of 176852?
7
What is the hundred thousands digit of 3159330?
1
What is the tens digit of 2457114?
1
What is the hundred thousands digit of 188325?
1
What is the thousands digit of 50597?
0
What is the ten thousands digit of 259529?
5
What is the units digit of 2553751?
1
What is the tens digit of 29736?
3
What is the units digit of 59983?
3
What is the hundred thousands digit of 1753945?
7
What is the thousands digit of 13015232?
5
What is the hundreds digit of 2535825?
8
What is the thousands digit of 16421073?
1
What is the millions digit of 20675606?
0
What is the units digit of 135991?
1
What is the units digit of 3044843?
3
What is the units digit of 7031351?
1
What is the tens digit of 759723?
2
What is the hundreds digit of 35716?
7
What is the tens digit of 598376?
7
What is the ten millions digit of 31809312?
3
What is the thousands digit of 2185311?
5
What is the hundreds digit of 33390353?
3
What is the ten thousands digit of 246725?
4
What is the hundred thousands digit of 17749017?
7
What is the millions digit of 3376602?
3
What is the hundred thousands digit of 227814?
2
What is the hundred thousands digit of 438700?
4
What is the hundreds digit of 820316?
3
What is the hundreds digit of 1730536?
5
What is the thousands digit of 371666?
1
What is the ten thousands digit of 16885955?
8
What is the ten thousands digit of 958576?
5
What is the ten thousands digit of 1147435?
4
What is the hundreds digit of 10335753?
7
What is the tens digit of 1027567?
6
What is the units digit of 1642290?
0
What is the thousands digit of 3433006?
3
What is the ten thousands digit of 236962?
3
What is the ten thousands digit of 4303435?
0
What is the hundred thousands digit of 904357?
9
What is the ten thousands digit of 9157040?
5
What is the thousands digit of 90893?
0
What is the units digit of 489189?
9
What is the millions digit of 3429114?
3
What is the tens digit of 1030862?
6
What is the ten thousands digit of 393668?
9
What is the thousands digit of 24697707?
7
What is the ten thousands digit of 750583?
5
What is the hundred thousands digit of 390122?
3
What is the hundreds digit of 3630622?
6
What is the tens digit of 480940?
4
What is the thousands digit of 1259051?
9
What is the hundreds digit of 497310?
3
What is the units digit of 1550963?
3
What is the units digit of 10342415?
5
What is the ten thousands digit of 1355439?
5
What is the thousands digit of 681167?
1
What is the ten thousands digit of 1151487?
5
What is the ten thousands digit of 9624957?
2
What is the millions digit of 2170270?
2
What is the millions digit of 4545562?
4
What is the units digit of 4501254?
4
What is the thousands digit of 11632513?
2
What is the hundreds digit of 797847?
8
What is the thousands digit of 42041?
2
What is the hundreds digit of 874284?
2
What is the hundreds digit of 216594?
5
What is the thousands digit of 858712?
8
What is the hundred thousands digit of 2571973?
5
What is the ten thousands digit of 5984440?
8
What is the tens digit of 1118241?
4
What is the hundred thousands digit of 4402995?
4
What is the units digit of 1216753?
3
What is the ten thousands digit of 88258?
8
What is the units digit of 401091?
1
What is the units digit of 658168?
8
What is the millions digit of 1112224?
1
What is the hundreds digit of 191748?
7
What is the ten thousands digit of 10494988?
9
What is the ten thousands digit of 29982685?
8
What is the ten thousands digit of 298449?
9
What is the hundred thousands digit of 23391862?
3
What is the hundreds digit of 233175?
1
What is the units digit of 3019868?
8
What is the ten thousands digit of 18394273?
9
What is the units digit of 15307602?
2
What is the units digit of 718034?
4
What is the ten thousands digit of 2793503?
9
What is the thousands digit of 705214?
5
What is the tens digit of 3462439?
3
What is the tens digit of 648039?
3
What is the ten thousands digit of 12431304?
3
What is the tens digit of 140880?
8
What is the thousands digit of 137452?
7
What is the hundred thousands digit of 14760161?
7
What is the ten thousands digit of 42844?
4
What is the hundreds digit of 12070529?
5
What is the tens digit of 267331?
3
What is the thousands digit of 165158?
5
What is the tens dig